{"id":61,"date":"2023-05-04T14:35:45","date_gmt":"2023-05-04T14:35:45","guid":{"rendered":"https:\/\/rzeszewski.org\/?page_id=61"},"modified":"2024-06-19T15:04:06","modified_gmt":"2024-06-19T15:04:06","slug":"publications","status":"publish","type":"page","link":"https:\/\/rzeszewski.org\/index.php\/publications\/","title":{"rendered":"Publications"},"content":{"rendered":"\n<div class=\"wp-block-columns is-layout-flex wp-container-core-columns-is-layout-9d6595d7 wp-block-columns-is-layout-flex\">\n<div class=\"wp-block-column is-layout-flow wp-block-column-is-layout-flow\" style=\"flex-basis:100%\">\n<div class=\"wp-block-group is-vertical is-layout-flex wp-container-core-group-is-layout-8cf370e7 wp-block-group-is-layout-flex\">\n<p><\/p>\n\n\n\n<p style=\"font-size:14px\">Rzeszewski, M., Osborne, T., Jones, P., Evans, L., Weitkamp, G., 2024. Interviewing in the metaverse: The renewed importance of location and embodiment. Applied Geography 167, 103295. <a href=\"https:\/\/doi.org\/10.1016\/j.apgeog.2024.103295\">https:\/\/doi.org\/10.1016\/j.apgeog.2024.103295<\/a><\/p>\n\n\n\n<p style=\"font-size:14px\">Rzeszewski, M., Evans, L., 2024. Chapter 10 &#8211; Augmented reality content and relations of power in smart spaces, in: Lyu, Z. (Ed.), Smart Spaces, Intelligent Data-Centric Systems. Academic Press, pp. 219\u2013234. <a href=\"https:\/\/doi.org\/10.1016\/B978-0-443-13462-3.00008-X\">https:\/\/doi.org\/10.1016\/B978-0-443-13462-3.00008-X<\/a><\/p>\n\n\n\n<p style=\"font-size:14px\">Rzeszewski, M., Sowada, T., Kotus, J., 2024. Assessing the usefulness of PPGIS for qualitative exploration of human relationships with places: an empirical study. Qual Quant. <a href=\"https:\/\/doi.org\/10.1007\/s11135-023-01815-4\">https:\/\/doi.org\/10.1007\/s11135-023-01815-4<\/a><\/p>\n\n\n\n<p style=\"font-size:14px\">Rzeszewski, M., Kaczmarek, P., Lupa, P., Herodowicz, T., Fagiewicz, K., Morawska, J., Churski, P., 2024. Behind the scenes of a crowdmapping tool design and implementation: Guidelines for participatory mapping practices in a multicultural environment. Geographia Polonica 97, 5\u201321.<\/p>\n\n\n\n<p style=\"font-size:14px\">Evans, L., Rzeszewski, M., 2022. Being-there when there is not there: Live performance, social VR, and COVID-19, in: Frith, J., Saker, M. (Eds.), The Changing Face of VR: Pushing the Boundaries of Experience across Multiple Industries. Vernon Press, Wilmington, pp. 113\u2013126.<\/p>\n\n\n\n<p style=\"font-size:14px\">Kotus, J., Rzeszewski, M., Olejniczak, A., 2022. Material and digital dimensions of urban public spaces through the lens of social distancing. Cities 130, 103856. <a href=\"https:\/\/doi.org\/10.1016\/j.cities.2022.103856\">https:\/\/doi.org\/10.1016\/j.cities.2022.103856<\/a><\/p>\n\n\n\n<p style=\"font-size:14px\">Rzeszewski, M., Naji, J., 2022. Literary placemaking and narrative immersion in extended reality virtual geographic environments. International Journal of Digital Earth 15, 853\u2013867. <a href=\"https:\/\/doi.org\/10.1080\/17538947.2022.2061619\">https:\/\/doi.org\/10.1080\/17538947.2022.2061619<\/a><\/p>\n\n\n\n<p style=\"font-size:14px\">Naji, J., Rzeszewski, M., 2022. Digital Poetry as a Dublin City Data Interface. Studi irlandesi. A Journal of Irish Studies 12, 73\u201386.<\/p>\n\n\n\n<p style=\"font-size:14px\">Rzeszewski, M., Orylski, M., 2021. Usability of WebXR Visualizations in Urban Planning. ISPRS International Journal of Geo-Information 10, 721. <a href=\"https:\/\/doi.org\/10.3390\/ijgi10110721\">https:\/\/doi.org\/10.3390\/ijgi10110721<\/a><\/p>\n\n\n\n<p style=\"font-size:14px\">Rzeszewski, M., 2021. Travis, C., Ludlow, F. and Gyuris, F. (eds.): Historical Geography, GIScience and Textual Analysis. Landscapes of Time and Place. Hungarian Geographical Bulletin 70, 85\u201388. <a href=\"https:\/\/doi.org\/10.15201\/hungeobull.70.1.7\">https:\/\/doi.org\/10.15201\/hungeobull.70.1.7<\/a><\/p>\n\n\n\n<p style=\"font-size:14px\">Rzeszewski, M., Evans, L., 2020. Virtual place during quarantine \u2013 a curious case of VRChat. Rozw\u00f3j Regionalny i Polityka Regionalna, 57\u201375. <a href=\"https:\/\/doi.org\/10.14746\/rrpr.2020.51.06\">https:\/\/doi.org\/10.14746\/rrpr.2020.51.06<\/a><\/p>\n\n\n\n<p style=\"font-size:14px\">Kotus, J., Rzeszewski, M., 2020. Online Mapping Platforms: Between Citizen-Oriented and Research-Focused Tools of Participation? Journal of Planning Education and Research 0739456X2090309. <a href=\"https:\/\/doi.org\/10.1177\/0739456X20903099\">https:\/\/doi.org\/10.1177\/0739456X20903099<\/a><\/p>\n\n\n\n<p style=\"font-size:14px\">Evans, L., Rzeszewski, M., 2020. Hermeneutic Relations in VR: Immersion, Embodiment, Presence and HCI in VR Gaming, in: Fang, X. (Ed.), HCI in Games, Lecture Notes in Computer Science. Springer International Publishing, Cham, pp. 23\u201338. <a href=\"https:\/\/doi.org\/10.1007\/978-3-030-50164-8_2\">https:\/\/doi.org\/10.1007\/978-3-030-50164-8_2<\/a><\/p>\n\n\n\n<p style=\"font-size:14px\">Rzeszewski, M., Kotus, J., Sowada, T., Ewertowski, W., 2020. Krytyczne wizje geografii i planowania \u2013 sposoby my\u015blenia, praktyka badawcza, niezgoda i naukowy aktywizm. Rozw\u00f3j Regionalny i Polityka Regionalna 175\u2013187. <a href=\"https:\/\/doi.org\/10.14746\/rrpr.2020.50.10%202020\">https:\/\/doi.org\/10.14746\/rrpr.2020.50.10 2020<\/a><\/p>\n\n\n\n<p style=\"font-size:14px\">Rzeszewski, M., Kotus, J., 2019. Usability and usefulness of internet mapping platforms in participatory spatial planning. Applied Geography 103, 56\u201369. <a href=\"https:\/\/doi.org\/10.1016\/j.apgeog.2019.01.001\">https:\/\/doi.org\/10.1016\/j.apgeog.2019.01.001<\/a><\/p>\n\n\n\n<p style=\"font-size:14px\">Ewertowski, M., Rzeszewski, M., 2006. Using DEM to recognize possible minor stays of Vistulian (Weichselian) ice-sheet margin in the Wielkopolska Lowland. Questiones Geographicae 25.<\/p>\n\n\n\n<p style=\"font-size:14px\">Rzeszewski, M., Rodak, O., 2019. Czy wi\u0119cej znaczy lepiej? Badania ilo\u015bciowe w geografii spo\u0142eczno-ekonomicznej ery Big Data. Rozw\u00f3j Regionalny i Polityka Regionalna 67\u201389.<\/p>\n\n\n\n<p style=\"font-size:14px\">Kinder, M., Tylmann, W., Rzeszewski, M., Zolitschka, B., 2019. Varves and mass-movement deposits record distinctly different sedimentation dynamics since the late glacial (Lake Szurpi\u0142y, northeastern Poland). Quaternary Research 1\u201315. <a href=\"https:\/\/doi.org\/10.1017\/qua.2019.61\">https:\/\/doi.org\/10.1017\/qua.2019.61<\/a><\/p>\n\n\n\n<p style=\"font-size:14px\">Kotus, J., Sowada, T., Rzeszewski, M., 2019a. Ponad g\u00f3rne szczeble \u201edrabiny partycypacji\u201d: koncepcja Sherry Arnstein po pi\u0119ciu dekadach. Studia Socjologiczne. <a href=\"https:\/\/doi.org\/10.24425\/sts.2019.126151\">https:\/\/doi.org\/10.24425\/sts.2019.126151<\/a><\/p>\n\n\n\n<p style=\"font-size:14px\">Kotus, J., Sowada, T., Rzeszewski, M., Ma\u0144kowska, P., 2019b. Anatomy of Place-Making in the Context of the Communication Processes: A Story of One Community and One Square in a Post-Socialist City. Quaestiones Geographicae 38, 51\u201366. <a href=\"https:\/\/doi.org\/10.2478\/quageo-2019-0015\">https:\/\/doi.org\/10.2478\/quageo-2019-0015<\/a><\/p>\n\n\n\n<p style=\"font-size:14px\">Kotus, J., Sowada, T., Rzeszewski, M., Ma\u0144kowska, P., 2019c. Anatomy of Place-Making in the Context of the Communication Processes: A Story of One Community and One Square in a Post-Socialist City. Quaestiones Geographicae 38, 51\u201366. <a href=\"https:\/\/doi.org\/10.2478\/quageo-2019-0015\">https:\/\/doi.org\/10.2478\/quageo-2019-0015<\/a><\/p>\n\n\n\n<p style=\"font-size:14px\">Kotus, J., Sowada, T., Rzeszewski, M., Pazder, D., 2019d. Zapraszamy Pa\u0144stwa do rozm\u00f3w&#8230;: w\u0119dr\u00f3wki po labiryncie wielkomiejskiej partycypacji. Bogucki Wydawnictwo Naukowe.<\/p>\n\n\n\n<p style=\"font-size:14px\">Rzeszewski, M., Luczys, P., 2018. Care, Indifference and Anxiety\u2014Attitudes toward Location Data in Everyday Life. ISPRS International Journal of Geo-Information 7, 383. <a href=\"https:\/\/doi.org\/10.3390\/ijgi7100383\">https:\/\/doi.org\/10.3390\/ijgi7100383<\/a><\/p>\n\n\n\n<p style=\"font-size:14px\">Rzeszewski, M., 2018. Geosocial capta in geographical research \u2013 a critical analysis. Cartography and Geographic Information Science 18\u201330. <a href=\"https:\/\/doi.org\/10.1080\/15230406.2016.1229221\">https:\/\/doi.org\/10.1080\/15230406.2016.1229221<\/a><\/p>\n\n\n\n<p style=\"font-size:14px\">Kotus, J., Rzeszewski, M., Bajerski, A., 2018. Visitors in Urban Structures: Students and Tourists in the City.<\/p>\n\n\n\n<p style=\"font-size:14px\">Rzeszewski, M., Beluch, L., 2017. Spatial Characteristics of Twitter Users\u2014Toward the Understanding of Geosocial Media Production. ISPRS International Journal of Geo-Information 6, 236. <a href=\"https:\/\/doi.org\/doi:%2010.3390\/ijgi6080236\">https:\/\/doi.org\/doi: 10.3390\/ijgi6080236<\/a><\/p>\n\n\n\n<p style=\"font-size:14px\">Rzeszewski, Michal, 2015. Systemy lokalizacji satelitarnej w analizie zachowa\u0144 przestrzennych u\u017cytkownik\u00f3w miasta. Rozw\u00f3j Regionalny i Polityka Regionalna 111\u2013121.<\/p>\n\n\n\n<p style=\"font-size:14px\">Rzeszewski, Micha\\l, 2015. Cyberpejza\u017c miasta w trakcie megawydarzenia: Pozna\u0144, Euro 2012 i Twitter. Studia Regionalne i Lokalne 123\u2013137.<\/p>\n\n\n\n<p style=\"font-size:14px\">Kotus, J., Rzeszewski, M., 2015a. Applying \u2018Mixed Methods\u2019 In The Study Of Tourist Behaviours In The City \u2013 An Example Of Conceptualization And Application (Discursive Article). Turyzm 25, 57\u201366. <a href=\"https:\/\/doi.org\/10.2478\/tour-2014-0020\">https:\/\/doi.org\/10.2478\/tour-2014-0020<\/a><\/p>\n\n\n\n<p style=\"font-size:14px\">Kotus, J., Rzeszewski, M., 2015b. Methodological triangulation in movement pattern research. Quaestiones Geographicae 34, 25\u201337. <a href=\"https:\/\/doi.org\/DOI%2010.1515\/quageo-2015-0034\">https:\/\/doi.org\/DOI 10.1515\/quageo-2015-0034<\/a><\/p>\n\n\n\n<p style=\"font-size:14px\">Kotus, J., Rzeszewski, M., Bajerski, A., 2015a. Przyjezdni w strukturze miasta: miasto wobec przyjezdnych: studenci i tury\u015bci w mie\u015bcie w kontek\u015bcie koncepcji&#8221; city users&#8221;. Bogucki Wydawnictwo Naukowe.<\/p>\n\n\n\n<p style=\"font-size:14px\">Kotus, J., Rzeszewski, M., Ewertowski, W., 2015b. Tourists in the spatial structures of a big Polish city: Development of an uncontrolled patchwork or concentric spheres? Tourism Management 50, 98\u2013110. <a href=\"https:\/\/doi.org\/10.1016\/j.tourman.2015.01.007\">https:\/\/doi.org\/10.1016\/j.tourman.2015.01.007<\/a><\/p>\n\n\n\n<p style=\"font-size:14px\">Rzeszewski, M., Kotus, J., 2014. Supporting movement patterns research with qualitative sociological methods \u2013 gps tracks and focus group interviews, in: GISRUK 2014. Presented at the GISRUK 2014, Glasgow.<\/p>\n\n\n\n<p style=\"font-size:14px\">Kotus, J., Rzeszewski, M., 2013. Between disorder and livability. Case of one street in post-socialist city. Cities 32, 123\u2013134. <a href=\"https:\/\/doi.org\/10.1016\/j.cities.2013.03.015\">https:\/\/doi.org\/10.1016\/j.cities.2013.03.015<\/a><\/p>\n\n\n\n<p style=\"font-size:14px\">Rzeszewski, M., Hildebrandt-Radke, I., 2013. The InterSecT project &#8211; mitigating barriers in the GIS usage in interdisciplinary archaeological research,. Sprawozdania Archeologiczne 51\u201366.<\/p>\n\n\n\n<p style=\"font-size:14px\">Ewertowski, M., Ewertowski, W., Rzeszewski, M., Tomczyk, A., 2013. Problem harmonizacji i integracji danych w systemach informacji geograficznej na potrzeby oceny uwarunkowa\u0144 rozwoju przestrzennego. Studia Miejskie 11, 79\u201386.<\/p>\n\n\n\n<p style=\"font-size:14px\">Szczuci\u0144ski, W., Kokoci\u0144ski, M., Rzeszewski, M., Chagu\u00e9-Goff, C., Cach\u00e3o, M., Goto, K., Sugawara, D., 2012. Sediment sources and sedimentation processes of 2011 Tohoku-oki tsunami deposits on the Sendai Plain, Japan-insights from diatoms, nannoliths and grain size distribution. Sedimentary Geology 40\u201356.<\/p>\n\n\n\n<p style=\"font-size:14px\">Rzeszewski, M., Jasiewicz, J., 2009. WebGIS &#8211; od map w internecie do geoprzetwarzania, in: Zwoli\u0144ski, Z. (Ed.), GIS &#8211; Platforma Integracyjna w Geografii. Bogucki Wydawnictwo Naukowe, Poznan, pp. 23\u201333.<\/p>\n\n\n\n<p style=\"font-size:14px\">Rzeszewski, M., Jasiewicz, J., 2008. Konstrukcja cyfrowych modeli rze\u017aby na obszarach problemowych w strefie wybrze\u017ca,[w:] Rotnicki. K., Jasiewicz, J., Woszczyk, M.,(red.), Holoce\u0144skie przemiany wybrze\u017cy i w\u00f3d po\\ludniowego Ba\\ltyku\u2013przyczyny, uwarunkowania i skutki. Pozna\u0144 113\u2013118.<\/p>\n<\/div>\n<\/div>\n<\/div>\n","protected":false},"excerpt":{"rendered":"<p>Rzeszewski, M., Osborne, T., Jones, P., Evans, L., Weitkamp, G., 2024. Interviewing in the metaverse: The renewed importance of location and embodiment. Applied Geography 167, 103295. https:\/\/doi.org\/10.1016\/j.apgeog.2024.103295 Rzeszewski, M., Evans, L., 2024. Chapter 10 &#8211;<span class=\"more-dots\">&#8230;<\/span><\/p>\n","protected":false},"author":1,"featured_media":0,"parent":0,"menu_order":0,"comment_status":"closed","ping_status":"closed","template":"","meta":{"footnotes":""},"class_list":["post-61","page","type-page","status-publish","hentry","no-post-thumbnail"],"_links":{"self":[{"href":"https:\/\/rzeszewski.org\/index.php\/wp-json\/wp\/v2\/pages\/61","targetHints":{"allow":["GET"]}}],"collection":[{"href":"https:\/\/rzeszewski.org\/index.php\/wp-json\/wp\/v2\/pages"}],"about":[{"href":"https:\/\/rzeszewski.org\/index.php\/wp-json\/wp\/v2\/types\/page"}],"author":[{"embeddable":true,"href":"https:\/\/rzeszewski.org\/index.php\/wp-json\/wp\/v2\/users\/1"}],"replies":[{"embeddable":true,"href":"https:\/\/rzeszewski.org\/index.php\/wp-json\/wp\/v2\/comments?post=61"}],"version-history":[{"count":6,"href":"https:\/\/rzeszewski.org\/index.php\/wp-json\/wp\/v2\/pages\/61\/revisions"}],"predecessor-version":[{"id":127,"href":"https:\/\/rzeszewski.org\/index.php\/wp-json\/wp\/v2\/pages\/61\/revisions\/127"}],"wp:attachment":[{"href":"https:\/\/rzeszewski.org\/index.php\/wp-json\/wp\/v2\/media?parent=61"}],"curies":[{"name":"wp","href":"https:\/\/api.w.org\/{rel}","templated":true}]}}